Dec 01 23:51:43.470 INFO testing azah/amaranth-rust against master#8940af3cea4a9a9deabcaf843b2f8cad9a83fc61 for beta-1.31-5
Dec 01 23:51:43.470 INFO running `"docker" "create" "-v" "/mnt/big/crater/work/local/target-dirs/beta-1.31-5/worker-4/master#8940af3cea4a9a9deabcaf843b2f8cad9a83fc61:/target:rw,Z" "-v" "/mnt/big/crater/work/local/test-source/worker-4/beta-1.31-5/master#8940af3cea4a9a9deabcaf843b2f8cad9a83fc61:/source:ro,Z" "-v" "/mnt/big/crater/work/local/cargo-home:/cargo-home:ro,Z" "-v" "/mnt/big/crater/work/local/rustup-home:/rustup-home:ro,Z" "-e" "USER_ID=1000" "-e" "SOURCE_DIR=/source" "-e" "USER_ID=1000" "-e" "CMD=cargo +8940af3cea4a9a9deabcaf843b2f8cad9a83fc61-alt build --frozen" "-e" "CARGO_TARGET_DIR=/target" "-e" "CARGO_INCREMENTAL=0" "-e" "RUST_BACKTRACE=full" "-e" "RUSTFLAGS=--cap-lints=warn" "-e" "CARGO_HOME=/cargo-home" "-e" "RUSTUP_HOME=/rustup-home" "-m" "1536M" "--network" "none" "crater"`
Dec 01 23:51:43.662 INFO [stdout] 75a457d6239bc878259dfb52d8117d1a32935944322b616cd94c98101ca69894
Dec 01 23:51:43.664 INFO running `"docker" "start" "-a" "75a457d6239bc878259dfb52d8117d1a32935944322b616cd94c98101ca69894"`
Dec 01 23:51:44.229 INFO [stderr] usermod: no changes
Dec 01 23:51:44.634 INFO [stderr]    Compiling encoding_rs v0.8.12
Dec 01 23:51:44.636 INFO [stderr]    Compiling kankyo v0.2.0
Dec 01 23:51:44.643 INFO [stderr]    Compiling want v0.0.4
Dec 01 23:51:44.644 INFO [stderr]    Compiling threadpool v1.7.1
Dec 01 23:51:44.644 INFO [stderr]    Compiling parking_lot_core v0.2.14
Dec 01 23:51:44.644 INFO [stderr]    Compiling uuid v0.6.5
Dec 01 23:51:44.644 INFO [stderr]    Compiling openssl v0.9.24
Dec 01 23:51:44.649 INFO [stderr]    Compiling uuid v0.5.1
Dec 01 23:51:48.682 INFO [stderr]    Compiling mime_guess v1.8.6
Dec 01 23:51:48.683 INFO [stderr]    Compiling tokio v0.1.13
Dec 01 23:51:49.675 INFO [stderr]    Compiling parking_lot v0.5.5
Dec 01 23:51:57.463 INFO [stderr]    Compiling native-tls v0.1.5
Dec 01 23:51:58.987 INFO [stderr]    Compiling tokio-core v0.1.17
Dec 01 23:51:59.947 INFO [stderr]    Compiling hyper-native-tls v0.2.4
Dec 01 23:51:59.947 INFO [stderr]    Compiling evzht9h3nznqzwl v0.0.3
Dec 01 23:52:00.817 INFO [stderr]    Compiling multipart v0.13.6
Dec 01 23:52:10.717 INFO [stderr]    Compiling tokio-tls v0.1.4
Dec 01 23:52:10.717 INFO [stderr]    Compiling hyper v0.11.27
Dec 01 23:52:11.630 INFO [stderr]    Compiling serenity v0.5.11
Dec 01 23:52:24.629 INFO [stderr]    Compiling hyper-tls v0.1.4
Dec 01 23:52:30.175 INFO [stderr]    Compiling reqwest v0.8.8
Dec 01 23:53:03.202 INFO [stderr]    Compiling amaranth v0.1.0 (/source)
Dec 01 23:53:10.244 INFO [stderr] error[E0308]: mismatched types
Dec 01 23:53:10.244 INFO [stderr]   --> src/main.rs:55:57
Dec 01 23:53:10.244 INFO [stderr]    |
Dec 01 23:53:10.244 INFO [stderr] 55 |                     let entry = previous_messages.entry(channel_id).or_insert(0);
Dec 01 23:53:10.244 INFO [stderr]    |                                                         ^^^^^^^^^^
Dec 01 23:53:10.244 INFO [stderr]    |                                                         |
Dec 01 23:53:10.244 INFO [stderr]    |                                                         expected u64, found &u64
Dec 01 23:53:10.244 INFO [stderr]    |                                                         help: consider dereferencing the borrow: `*channel_id`
Dec 01 23:53:10.244 INFO [stderr]    |
Dec 01 23:53:10.244 INFO [stderr]    = note: expected type `u64`
Dec 01 23:53:10.244 INFO [stderr]               found type `&u64`
Dec 01 23:53:10.244 INFO [stderr] 
Dec 01 23:53:10.260 INFO [stderr] error[E0277]: can't compare `&mut u64` with `{integer}`
Dec 01 23:53:10.261 INFO [stderr]   --> src/main.rs:56:30
Dec 01 23:53:10.261 INFO [stderr]    |
Dec 01 23:53:10.261 INFO [stderr] 56 |                     if entry == 0 { return; }
Dec 01 23:53:10.261 INFO [stderr]    |                              ^^ no implementation for `&mut u64 == {integer}`
Dec 01 23:53:10.261 INFO [stderr]    |
Dec 01 23:53:10.261 INFO [stderr]    = help: the trait `std::cmp::PartialEq<{integer}>` is not implemented for `&mut u64`
Dec 01 23:53:10.261 INFO [stderr] 
Dec 01 23:53:10.763 INFO [stderr] error[E0308]: mismatched types
Dec 01 23:53:10.763 INFO [stderr]   --> src/main.rs:63:29
Dec 01 23:53:10.763 INFO [stderr]    |
Dec 01 23:53:10.763 INFO [stderr] 63 |                     entry = msg_id;
Dec 01 23:53:10.763 INFO [stderr]    |                             ^^^^^^ types differ in mutability
Dec 01 23:53:10.763 INFO [stderr]    |
Dec 01 23:53:10.763 INFO [stderr]    = note: expected type `&mut u64`
Dec 01 23:53:10.763 INFO [stderr]               found type `&u64`
Dec 01 23:53:10.763 INFO [stderr] 
Dec 01 23:53:10.827 INFO [stderr] error: aborting due to 3 previous errors
Dec 01 23:53:10.827 INFO [stderr] 
Dec 01 23:53:10.827 INFO [stderr] Some errors occurred: E0277, E0308.
Dec 01 23:53:10.827 INFO [stderr] For more information about an error, try `rustc --explain E0277`.
Dec 01 23:53:10.862 INFO [stderr] error: Could not compile `amaranth`.
Dec 01 23:53:10.862 INFO [stderr] 
Dec 01 23:53:10.862 INFO [stderr] To learn more, run the command again with --verbose.
Dec 01 23:53:10.862 INFO [stderr] su: No module specific data is present
Dec 01 23:53:11.971 INFO running `"docker" "inspect" "75a457d6239bc878259dfb52d8117d1a32935944322b616cd94c98101ca69894"`
Dec 01 23:53:12.243 INFO running `"docker" "rm" "-f" "75a457d6239bc878259dfb52d8117d1a32935944322b616cd94c98101ca69894"`
Dec 01 23:53:12.591 INFO [stdout] 75a457d6239bc878259dfb52d8117d1a32935944322b616cd94c98101ca69894
